NOAA-Style Climate Reports
Select a Year or Month report
2024: Jan Feb Mar Apr May Jun Jul Aug Sep Oct Nov Dec
2023: Jan Feb Mar Apr May Jun Jul Aug Sep Oct Nov Dec
2022: Jan Feb Mar Apr May Jun Jul Aug Sep Oct Nov Dec
2021: Jan Feb Mar Apr May Jun Jul Aug Sep Oct Nov Dec
2020: Jan Feb Mar Apr May Jun Jul Aug Sep Oct Nov Dec
2019: Jan Feb Mar Apr May Jun Jul Aug Sep Oct Nov Dec
2018: Jan Feb Mar Apr May Jun Jul Aug Sep Oct Nov Dec
2017: Jan Feb Mar Apr May Jun Jul Aug Sep Oct Nov Dec
2016: Jan Feb Mar Apr May Jun Jul Aug Sep Oct Nov Dec
2015: Jan Feb Mar Apr May Jun Jul Aug Sep Oct Nov Dec
2014: Jan Feb Mar Apr May Jun Jul Aug Sep Oct Nov Dec
2013: Jan Feb Mar Apr May Jun Jul Aug Sep Oct Nov Dec
2012: Jan Feb Mar Apr May Jun Jul Aug Sep Oct Nov Dec
2011: Jan Feb Mar Apr May Jun Jul Aug Sep Oct Nov Dec
2010: Jan Feb Mar Apr May Jun Jul Aug Sep Oct Nov Dec
2009: Jan Feb Mar Apr May Jun Jul Aug Sep Oct Nov Dec
2008: Jan Feb Mar Apr May Jun Jul Aug Sep Oct Nov Dec
2007: Jan Feb Mar Apr May Jun Jul Aug Sep Oct Nov Dec
2024: Jan Feb Mar Apr May Jun Jul Aug Sep Oct Nov Dec
2023: Jan Feb Mar Apr May Jun Jul Aug Sep Oct Nov Dec
2022: Jan Feb Mar Apr May Jun Jul Aug Sep Oct Nov Dec
2021: Jan Feb Mar Apr May Jun Jul Aug Sep Oct Nov Dec
2020: Jan Feb Mar Apr May Jun Jul Aug Sep Oct Nov Dec
2019: Jan Feb Mar Apr May Jun Jul Aug Sep Oct Nov Dec
2018: Jan Feb Mar Apr May Jun Jul Aug Sep Oct Nov Dec
2017: Jan Feb Mar Apr May Jun Jul Aug Sep Oct Nov Dec
2016: Jan Feb Mar Apr May Jun Jul Aug Sep Oct Nov Dec
2015: Jan Feb Mar Apr May Jun Jul Aug Sep Oct Nov Dec
2014: Jan Feb Mar Apr May Jun Jul Aug Sep Oct Nov Dec
2013: Jan Feb Mar Apr May Jun Jul Aug Sep Oct Nov Dec
2012: Jan Feb Mar Apr May Jun Jul Aug Sep Oct Nov Dec
2011: Jan Feb Mar Apr May Jun Jul Aug Sep Oct Nov Dec
2010: Jan Feb Mar Apr May Jun Jul Aug Sep Oct Nov Dec
2009: Jan Feb Mar Apr May Jun Jul Aug Sep Oct Nov Dec
2008: Jan Feb Mar Apr May Jun Jul Aug Sep Oct Nov Dec
2007: Jan Feb Mar Apr May Jun Jul Aug Sep Oct Nov Dec
Report for 2024 April
Daily noaa report MONTHLY CLIMATOLOGICAL SUMMARY for APR. 2024 NAME: Weather Cat CITY: Santa Cruz STATE: California ELEV: 95 LAT: 036:58:49 LONG: 0122:00:47 TEMPERATURE ( °F), RAIN (in.), WIND SPEED (mph) HEAT COOL AVG MEAN DEG DEG WIND DOM DAY TEMP HIGH TIME LOW TIME DAYS DAYS RAIN SPEED HIGH TIME DIR -------------------------------------------------------------------------------------------------------- 01 57.2 071.1 16:01 44.4 07:25 07.7 00.0 00.00 03.4 12.7 15:38 WSW 02 58.6 074.7 15:02 47.2 06:52 06.3 00.0 00.00 03.9 11.5 18:07 W 03 56.2 066.3 15:06 50.8 07:28 08.7 00.0 00.00 03.1 17.3 20:43 WNW 04 48.2 054.9 15:58 43.0 00:00 16.7 00.0 00.48 03.4 26.4 17:08 SW 05 48.3 059.8 15:21 39.2 06:25 16.7 00.0 00.03 03.3 19.6 15:59 WNW 06 50.0 061.3 13:51 39.0 07:12 15.0 00.0 00.00 04.3 17.3 21:36 W 07 52.1 063.2 15:07 40.3 07:02 12.8 00.0 00.00 04.8 23.0 18:33 NW 08 54.4 067.6 16:54 41.6 07:20 10.5 00.0 00.00 02.2 10.3 15:40 SSE 09 56.3 070.6 15:45 45.0 07:21 08.7 00.0 00.00 03.2 11.5 17:26 WNW 10 61.7 083.4 15:17 46.3 07:01 03.3 00.0 00.00 02.8 11.5 17:03 S 11 62.6 084.8 15:55 49.8 06:27 02.3 00.0 00.00 02.2 11.5 16:13 S 12 54.6 060.9 14:04 49.9 05:14 10.4 00.0 00.01 04.1 26.4 21:02 SSW 13 51.0 057.3 03:22 46.2 07:50 14.0 00.0 00.52 04.8 24.1 03:37 SE 14 54.1 063.0 13:46 47.3 00:09 10.8 00.0 00.39 03.2 17.3 02:18 WNW 15 57.2 065.2 15:57 49.9 06:49 07.7 00.0 00.01 02.4 12.7 16:05 SSW 16 58.9 073.6 16:36 46.3 06:57 06.0 00.0 00.00 02.8 14.9 13:32 WSW 17 63.0 081.2 15:12 50.4 06:32 01.9 00.0 00.01 02.6 13.8 15:45 SSW 18 56.5 066.5 11:36 50.8 06:09 08.5 00.0 00.00 02.5 16.1 15:02 S 19 55.9 063.1 14:10 51.0 00:00 09.1 00.0 00.00 03.0 17.3 16:33 S 20 57.7 069.7 15:36 48.4 02:56 07.3 00.0 00.00 02.1 12.7 12:04 E 21 60.7 077.9 15:31 48.3 06:37 04.3 00.0 00.00 02.9 10.3 20:35 NE 22 55.8 060.4 15:46 50.9 06:32 09.1 00.0 00.00 02.4 11.5 17:11 S 23 57.3 062.1 13:34 53.3 07:15 07.6 00.0 00.01 05.4 18.4 17:24 S 24 58.5 063.7 13:30 56.0 23:46 06.4 00.0 00.00 03.5 14.9 15:27 S 25 59.1 066.6 13:44 53.1 07:13 05.8 00.0 00.00 03.5 20.7 15:51 WNW -------------------------------------------------------------------------------------------------------- 56.2 (57.5) 84.8 day 11 39.0 day 06 217.4 000.0 01.46 03.3 26.5 day 04 SW Min < 86: 25 Max Rain: 0.52 ON 13-04-24 Days of Rain: 8 (> .008in) 3 (> .08in) 0 (> 0.8in)